 32 = -16*a. Let u(h) = 2*h - 1. Give u(a).
-5
Let s(u) = 4 - 1 + 14*u**2 - 450*u**3 + 3 + 2*u + 451*u**3. Calculate s(-14).
-22
Let r(x) = 4*x**2 - x + 1. Let l = -399 - -401. What is r(l)?
15
Suppose -2*b - 5*q + 60 = 0, -4*q - 64 = -b - 3*b. Suppose -4*n - 3*h - 30 = 66, 96 = -4*n - 2*h. Let d = b + n. Let s(m) = -m - 4. Calculate s(d).
0
Let v = -913 + 917. Let w(d) = d**3 - 5*d**2 + 8*d - 10. Determine w(v).
6
Let v(k) = 11*k**2 + 30*k - 2. Let d(l) = 4*l**2 + 10*l - 1. Let u(i) = 17*d(i) - 6*v(i). Give u(8).
43
Suppose 7*g - 5*o - 39 = 5*g, 0 = 4*g + 2*o - 18. Let i(v) = 2*v + 7. Give i(g).
21
Let d(k) be the third derivative of -k**4/24 + 5*k**3/6 + k**2 - 50*k. Determine d(-10).
15
Let a(l) be the third derivative of 0 + 2/3*l**3 + 1/24*l**4 + 18*l**2 + 0*l. What is a(-2)?
2
Let d(a) = a. Let l be (77 + -77)/(-1 - 1). What is d(l)?
0
Let u(f) = -2*f + 3. Let x be 13/2 + (-12)/(-24). Suppose 3*p - x - 2 = 0. Suppose p*q + 3 = -j - 2*q, 0 = 3*q. What is u(j)?
9
Let v(l) = -l**3 + 10*l**2 + 7*l - 2. Let m(q) = -q**3 + q**2 - 1. Let i(h) = 2*m(h) - v(h). Determine i(-7).
0
Let w(u) be the first derivative of u**5/120 - 2*u**3/3 + 7. Let a(n) be the third derivative of w(n). Let p be (-9)/6*(-8)/(-6). Give a(p).
-2
Suppose -19*h = -17*h + 54. Let k = h - -33. Let d(l) = -l**2 + 5*l - 8. Calculate d(k).
-14
Suppose -17*y - 5 = -73. Let h(p) = p**2 + 7*p + 3. Let r(i) = 2*i**2 + 8*i + 4. Let k(u) = -3*h(u) + 2*r(u). Give k(y).
-5
Suppose 4*o + 4 = 0, -3*y + 18 = -4*y + 4*o. Let p = y - -23. Let v(l) = 2*l + 0*l + p + 2*l. Give v(-2).
-7
Let d = 9 + -4. Suppose d + 16 = 7*k. Let q(t) = -2*t + 0 - 3 - k + 5. Determine q(-5).
9
Let v be ((-1)/3 - (-248)/24) + -1. Let l(x) = x**2 - 11*x - 5. Let o(j) = 4*j**2 - 45*j - 19. Let z(n) = -9*l(n) + 2*o(n). Determine z(v).
7
Let u(v) = -v + 11. Let x = 11 - 1. Let i be u(x). Suppose -4*y = -3*y - i. Let g(b) = -3*b. Calculate g(y).
-3
Let i(h) = -6*h**3 + 2*h**2 + 7*h - 7. Let k(s) = -13*s**2 + 10*s + 16*s**2 - 5*s**3 - 4*s**3 - 10 + 0*s**3. Let l(t) = 7*i(t) - 5*k(t). What is l(1)?
2
Suppose -20 = -k + 5*k. Let y be k/2 - (-2)/(-4). Let s(w) = w**2 + 3*w - 3. What is s(y)?
-3
Let a(d) = d**2 - 18*d + 23. Suppose -38 = o - 5*g - 39, 2*g = -2*o + 38. Determine a(o).
-9
Let j(u) be the third derivative of 5*u**4/24 - 5*u**3/6 + 13*u**2 - 2. Give j(-4).
-25
Let p(g) = -g**2 - g + 3. Let a be (-66)/(-154)*(-28)/(-2). Give p(a).
-39
Let r(x) = -2*x**3 - 3*x**2 - 5. Let y(l) = l**3 + l + 1. Suppose -5*h + 6 = -3*h. Let f(c) = h*y(c) + r(c). Give f(2).
0
Let p(w) be the third derivative of -w**7/5040 - w**6/720 - w**5/60 + 2*w**2. Let n(d) be the third derivative of p(d). Let a = -234 - -239. What is n(a)?
-6
Suppose -6*c - 345 + 387 = 0. Let o(r) = 2*r + 6. What is o(c)?
20
Let h(a) = -12*a + 4. Let d(x) = 15*x - 102. Let l be d(7). Calculate h(l).
-32
Suppose -n = n + 4, 0 = 3*c - 2*n + 8. Let w(g) = -25*g + 6. Let i(x) = -18*x + 4. Let t(u) = 7*i(u) - 5*w(u). Calculate t(c).
2
Let y(w) be the third derivative of -1/60*w**5 - 3*w**2 - 5/24*w**4 + 0 + 4/3*w**3 + 0*w. Give y(-6).
2
Let q(d) = -2*d**2 + 4*d - 3. Let r(a) = a**2 + a - 4. Let v(x) = q(x) + r(x). Give v(5).
-7
Let d(r) = 4*r**2 + 8*r + 2. Let s(w) = w**2 - 2*w. Let y(z) = d(z) - 3*s(z). Give y(-14).
2
Let t(z) = -2*z**2 + 4*z + 11. Suppose -185 = -45*v + 8*v. Give t(v).
-19
Suppose -2*w + 38 = -3*p + p, -4*w - 4*p + 108 = 0. Let r(z) = z**3 + 1 - 19*z + w*z - 2*z**3. Calculate r(3).
-14
Let l(o) = -1. Let u(x) = -4*x + 25. Let d(k) = 4*l(k) + u(k). Let n be d(5). Let w(t) = -4*t**3 - t**2 + t - 1. Give w(n).
-5
Suppose -m - 1 - 7 = 4*u, 6 = -3*m - 3*u. Let y = m + 4. Let o(n) = -5*n**2 - 8*n - 4. Let r(j) = j**2 + j + 1. Let f(s) = y*r(s) + o(s). What is f(-3)?
3
Suppose 0 = 2*h + 3*h. Let u(c) = -c**2 - c + 4 + 1 + 0*c + 1. Give u(h).
6
Let a(g) = g**2 + 9*g - 4. Let b(l) = -1. Let p(k) = a(k) - 2*b(k). Let o(u) = 2*u**3 + 3*u**2 + 3*u + 3. Let x be o(-2). Determine p(x).
-16
Let j(b) = -b**2 - 8*b + 4. Let r = 44 + -86. Let l be ((-56)/r)/((-4)/18). Calculate j(l).
16
Let y be (-385)/(-20) + (-2)/8. Suppose -2*u + 5*u - y = -h, -u + h + 5 = 0. Let g(z) be the third derivative of -z**4/24 + 5*z**3/3 - 16*z**2. Give g(u).
4
Let v(j) be the third derivative of 7*j**4/24 + j**3/3 + 103*j**2. Determine v(-1).
-5
Suppose -49 = c + 2*o + o, -2*o - 232 = 5*c. Let x = -48 - c. Let u(y) = -2*y**2 + 2*y + 2. What is u(x)?
-10
Let d(g) = 18*g - 187. Let t be d(10). Let q(a) = -a - 2. Give q(t).
5
Let q(h) = 2*h - 1. Let v(d) = 5*d + 2. Let x be v(-1). Calculate q(x).
-7
Let x(c) = -c**2 - 7*c - 8. Let r be x(-6). Let z(t) = -12*t + 3. Let p(v) = 11*v - 2. Let i(y) = -4*p(y) - 3*z(y). Calculate i(r).
15
Let w(g) = 10*g - 16. Let k(r) = 2*r - 3. Let p(f) = 11*k(f) - 2*w(f). Let q = -4 - -1. Let x be (q/(-3))/(-1 - 0). What is p(x)?
-3
Suppose -5*z = -4*j - 56, 5*j + 33*z + 70 = 35*z. Let s(u) = -u. Give s(j).
14
Let m(u) = 5*u**3 - u + 1. Let t be 25/(((-2)/(-10))/(5/25)). Suppose 20 = -5*j + t. What is m(j)?
5
Let f(z) = -z**3 + 2*z**2 + 3*z - 3. Let d be f(-2). Suppose -d = 4*x - 11*x. Let c(w) = -6*w**3 - 2*w**2 + 2*w - 1. Give c(x).
-7
Suppose 3*l + 24 = 3*o, -4*o - 1 = 4*l - 17. Let b(f) = -f**3 + 6*f**2 + 4*f - 8. Determine b(o).
16
Let x(f) = -20*f + 185. Let j be x(9). Let o(t) = -t**2 + t + 11. What is o(j)?
-9
Let l = 3716 + -3717. Let w(x) = 2*x - x - 2*x**2 - 8*x**2. Calculate w(l).
-11
Let t(l) be the third derivative of l**4/24 + 7*l**3/3 + 29*l**2. Determine t(-9).
5
Let g(j) = -j**3 + 3*j**2 - 2*j - 3. Suppose 0 = 3*m - u - 156, -68 = -2*m + m - 5*u. Let w = m - 21. Suppose -w = -4*f + 5*x, 23 = f - 0*f - 5*x. What is g(f)?
-9
Let b(c) = c + 3. Let x be b(0). Let u(v) = -2*v + 4. Let d be u(x). Let m(h) be the second derivative of h**5/20 + h**4/6 - 8*h. Calculate m(d).
0
Let c(w) be the first derivative of 2*w**3/3 - 7*w**2/2 + 4*w - 82. What is c(4)?
8
Let n(p) be the third derivative of p**4/8 + p**3/3 + 19*p**2 - 2*p. Let w = -10 + 4. Let g be -1 - ((-2 - w) + -2). Calculate n(g).
-7
Let g(z) = 13*z + 43. Let t be g(-11). Let b = t + 95. Let p(u) = u**2 + 5*u - 4. What is p(b)?
-4
Suppose -4*s + 0*s = 20. Let a(y) = y + 10. Let h(m) = -19 - 5*m - 2 + 0*m + 2*m. Let x(z) = s*a(z) - 2*h(z). Give x(6).
-2
Let b(y) be the second derivative of 0*y**2 + 0 + 42*y - 2/3*y**3. What is b(5)?
-20
Let q(r) be the first derivative of -r**3/3 + r**2/2 + 2*r - 2. Suppose 8 = 7*z - 6. Determine q(z).
0
Let h(v) = v + 10. Let p(b) = 2*b**3 - 55*b**2 + 27*b - 14. Let k be p(27). What is h(k)?
-4
Suppose 3*z - 5*z - 26 = -w, 3*w + 76 = -5*z. Let o(a) = a**2 + 15*a + 15. Give o(z).
1
Let v = 3 + 6. Suppose 48 = -5*o + 8*o. Let i(s) = -v*s**2 + 1 + 1 - o*s**2 + 3*s + 26*s**2. Calculate i(-4).
6
Let a(x) be the second derivative of 1/12*x**4 + 5/2*x**2 - 2/3*x**3 + 8*x + 0. Let w = -4 - -8. Give a(w).
5
Let l(f) be the third derivative of f**8/6720 - f**7/360 - f**6/720 + f**5/24 - 19*f**4/24 - 4*f**2. Let z(k) be the second derivative of l(k). Determine z(7).
-2
Let i(j) be the second derivative of j**3/6 + j**2/2 - 44*j. Calculate i(-4).
-3
Let k(y) = -7*y**3 - 2*y**2 + 1. Let d be k(-1). Let g(x) = -12 - 2 + 8 + 4*x - 2*x. Give g(d).
6
Let p(m) = -m**2 + 13*m - 10. Let i(x) = 3*x**2 - 38*x + 30. Let o(z) = -4*i(z) - 11*p(z). Suppose y + 15 = j - 3*y, 3*j + 4*y - 13 = 0. Calculate o(j).
4
Let k(o) be the second derivative of o**5/120 + o**4/12 + 5*o**3/6 - 3*o. Let u(l) be the second derivative of k(l). Calculate u(-4).
-2
Let t(x) be the third derivative of x**4/24 + x**2. Let s be (183/(-6) - -4) + (-2)/4. Let j be (-2)/(-6) + 90/s. Calculate t(j).
-3
Let k(h) = -5*h**2 - 3*h + 2. Let t(d) = 12*d**2 + 5*d - 5. Let i(q) = 5*k(q) + 2*t(q). Let v = 3 + -7. Calculate i(v).
4
Let k = -9 - -23. Let x be 6*((-7)/k + (-1)/(-6)). Let y(b) = 3*b**3 + 2*b**2 - b. Determine y(x).
-14
Let j be (-5)/(1 - 4/2). Let h(p) = 4*p + p - j*p - p**2 - 5*p. What is h(-3)?
6
Let j be (-2 + (-75)/(-6))*2. Let s be 2/(2/(-3)) + j. Let n = 13 - s. Let l(z) = 3*z + 7. Give l(n).
-8
Let b(g) = -g + 3. Let u = 108 + -38. Suppose 0 = -w + 6*w + u. Let c = 19 + w. Give b(c).
-2
Let w(g) = g**2 + 8*g + 7. Let i = 24 + -9. Suppose -13*n = -16*n - i. Calculate w(n).
-8
Let z(a) be the f